*p**3 - p**2 - 4*p - 2. Calculate w(b).
-28
Let r(a) = 68*a + 13. Let v(o) = -24*o - 5. Let i(f) = 4*r(f) + 11*v(f). Give i(-1).
-11
Let b = -112 - -117. Let n(i) = -5*i**2 + i**3 - 49*i - 45*i - 2 + 94*i. Give n(b).
-2
Let q be (4/24)/((-3)/(-198)). Let r(b) = 22 + b + q - 39 + 11. What is r(-7)?
-2
Let v(a) = -28*a + 118. Let z(w) = -689*w + 6894. Let f be z(10). Determine v(f).
6
Suppose -74 = 3*k - n, 63*k - 58*k + 140 = 5*n. Let v(j) = j**2 + 21*j - 36. What is v(k)?
10
Suppose -3*g = -3*k + 36, -4*g - 4*k - 442 = -410. Let l(m) = -m**3 - 9*m**2 + 15*m + 60. Give l(g).
10
Let y(j) = 3*j**2 + 12*j - 38. Let p = 742 + -748. Determine y(p).
-2
Let s(w) be the first derivative of w**5/60 - 5*w**4/24 + w**3/3 + 19*w**2/2 + 35. Let x(t) be the second derivative of s(t). Calculate x(4).
-2
Let l = -21 - -24. Let u(c) = -8*c - 2 - c**2 - l - 2 + 0*c**2. Let r = -3 + -2. Calculate u(r).
8
Let r(i) be the second derivative of i**4/6 + 4*i**3/3 + 3*i**2/2 + 177883*i. Suppose y + 9 - 4 = 0. Give r(y).
13
Let b(q) = -12*q**2 + 5*q - 3 - 2*q**3 + q**2 + q**3 + 5*q**2 - 2. Suppose 2*o + 2*o - 16 = -g, 4*o - 2*g - 16 = 0. Suppose 3*y = o*y + 7. Determine b(y).
9
Suppose 0 = -5*b + 5*v - 15, 129*v - 124*v - 1 = -2*b. Let f(t) be the second derivative of t**5/20 + t**4/12 - t**3/6 - t**2/2 + 2*t. Give f(b).
-3
Let x(g) = 2*g**2 + g - 3. Let m(c) = -c**2 + 3*c + 7. Let v(a) = -3*m(a) - 2*x(a). What is v(-13)?
-41
Let x(m) = -39*m**3 + 2*m**2 - 2*m - 6. Let c be x(-2). Let l = c + -163. Let d = -150 + l. Let v(y) = y**3 - 4*y**2 - 5*y - 2. Calculate v(d).
-2
Let r(d) = d**2 + 5. Let i be 8/52 - (-56)/(-26). Let u be (-3)/i*(-24)/9. Give r(u).
21
Let i(d) = 14*d**2 - 682*d - 24. Let x(w) = -w**2 + 55*w + 2. Let q(s) = -2*i(s) - 25*x(s). Give q(-9).
-146
Let p(o) = -25*o**3 - o**2 - 2*o - 1. Suppose 18*n + 10*n + 28 = 0. Determine p(n).
25
Let b(w) = -25*w**2 + 29*w + 2. Let h(l) = -9*l**2 + 11*l + 1. Let u(s) = -4*b(s) + 11*h(s). Give u(-5).
3
Let d(k) be the second derivative of -7*k**5/20 - k**4/12 + k**3/6 + 5*k**2/2 + 3416*k. Determine d(-2).
55
Let f(v) = v**2 - 18*v + 14. Let a(s) = -s**2 + 20*s - 15. Let h(y) = 2*a(y) + 3*f(y). What is h(11)?
-21
Let z = 770 - 766. Let f(i) be the third derivative of 0*i + 2*i**2 - 1/24*i**z + 13/6*i**3 + 0. Calculate f(7).
6
Let s(t) = -11*t**2 - t - 63. Let i(q) = -9*q**2 + 7*q - 62. Let r(v) = 4*i(v) - 3*s(v). What is r(8)?
-3
Let q be (-8 - -4)/((-1)/2). Let i = q - 2. Let n(j) = 3 + 3126*j - 3134*j + 5 + 7*j**2 - j**3. Calculate n(i).
-4
Let a(f) = 11*f - 465 + 4*f + 242 + 229. What is a(2)?
36
Suppose 3*q + 15 = -2*f, -126*q - 12 = -125*q + 3*f. Let g(v) = -v**2 + 4*v + 18. What is g(q)?
-3
Let y(t) = t**3 + 32*t**2 + 44*t + 392. Let x be y(-31). Let k(p) = p**3 + 13*p**2 + 23*p + 18. Calculate k(x).
7
Let q(h) = -h**3 - 3*h**2 + 11*h + 21. Suppose -3*l + 26 = -8*l + 2*a, 21 = -3*l + 3*a. Determine q(l).
-7
Let k be (2076/11937)/((-1)/(-46)). Let c(j) = -98*j + 781. Determine c(k).
-3
Let q(h) = -h**3 - 26*h**2 + 48*h - 218. Let m be q(-28). Let v(u) = -5*u + 40. Determine v(m).
10
Let v = -4514 - -4483. Let q(y) = -2*y**2 - 63*y - 7. Give q(v).
24
Suppose -906*x = -869*x - 222. Let l(a) = a**3 - 5*a**2 - 9*a + 9. Calculate l(x).
-9
Let y(l) be the third derivative of l**5/60 + l**4/8 - 5*l**3/3 + 212*l**2. Give y(4).
18
Let k(n) = 5*n**3 + 5 + n**2 + 3*n**2 + 10 + 4*n**2 - 6*n**3. What is k(8)?
15
Let o(i) = -17*i - 1. Let z(x) = -9*x**2 - 55*x**3 + 27*x**3 + 1 + 0 + 22*x + 27*x**3. Let g be z(-11). Give o(g).
-18
Let n(x) be the first derivative of -x**6/360 + x**5/40 - x**4/24 - 4*x**3/3 + 7*x**2/2 + 28. Let r(h) be the third derivative of n(h). Calculate r(7).
-29
Suppose -t - t + 4*p = -24, -36 = -5*t + 2*p. Let u be -6*(-2)/t - -7. Let w(j) = -1262*j + 1263*j - 4 - 2. What is w(u)?
3
Let o(j) = -4*j - 7. Let d(k) = -12*k - 22. Let b(r) = -205*r - 375. Let i(l) = 2*b(l) - 35*d(l). Let x(c) = 3*i(c) + 8*o(c). Calculate x(3).
-2
Suppose 0 = -11*u + 21*u - 550. Let x(d) = u*d - 105*d - 29 + 43*d. What is x(-4)?
-1
Let d(k) = 4*k + 270. Let a(l) = l + 76. Let i(o) = -7*a(o) + 2*d(o). Determine i(3).
11
Let d(s) = 9 + 4*s + s - 4*s. Let v = 425473 - 425480. Give d(v).
2
Suppose -8*g + 44 = -6*b + 8*b, -g - 1 = -3*b. Let y(i) = 3*i**2 + 4*i - 6. Calculate y(b).
14
Let w(t) = -7*t - 10. Let c(l) = 5*l + 8. Let j(m) = -m**3 + 5*m**2 + 6*m + 3. Let f be j(6). Let o(q) = f*c(q) + 2*w(q). Give o(2).
6
Let v be 67/((-67)/6) + 3. Let g(u) = 5*u**3 - 3*u**2 - 8*u + 4. Determine g(v).
-134
Let u(r) = 6*r**2 + 56*r + 188. Let l(w) = 2*w**2 + 18*w + 59. Let y(x) = -19*l(x) + 6*u(x). Determine y(-4).
-1
Let d(m) = 50 - 69 + 307*m - 308*m. Give d(-10).
-9
Suppose 2*x + 6*o - 5*o = 159, -161 = -2*x - 3*o. Let p(k) = x - k**2 + k + 83 - 159. Give p(0).
3
Let o(p) = p**3 + 5*p**2 + 5*p + 4. Let q be 9/(-6)*(-120)/45. Suppose 6*a - 3*a + q*n + 16 = 0, 2*n = -5*a - 22. Give o(a).
0
Let x(v) = -2*v - 92. Suppose 18*d = 12*d + 11*d + 18*d. What is x(d)?
-92
Let v(m) = -2*m**3 - m**2 + 7*m + 1. Let q(k) = -2*k**3 + 2*k**2 - 14*k - 1. Let f(n) = q(n) + 2*v(n). What is f(1)?
-5
Let z(b) = -b**2 + 5*b + 3. Let g(x) = -x**2 - 11*x - 8. Let m be g(-10). Suppose -i = -3*o - 15, -m*o + 3*o - 27 = -5*i. What is z(i)?
-3
Suppose h - v - 4 = 0, 4*h + 4*v = 44 + 4. Suppose 28 + h = 6*b. Let g(p) = -6*p + 11*p - b*p + 5. Calculate g(4).
1
Let f(t) be the second derivative of -8*t + 1 + 2/3*t**4 - 11/2*t**2 + 1/2*t**3 - 1/20*t**5. Calculate f(8).
13
Let o(v) = -v - 11. Suppose n - 40 = 6*n. Let q = 6 + n. Let u = q - -2. Give o(u).
-11
Suppose -j = -2*b + 3*j - 8, b - 5*j + 7 = 0. Let r be (-3)/b*(-18 - -6). Let q = 24 + r. Let m(y) = -y**2 + 7*y - 8. What is m(q)?
-2
Suppose -3*f + 3*u = 9, 11 = -2*f + 3*u - 0*u. Suppose 0 = -4*p + 7*p - f*s + 10, 4*p = s - 15. Let v(w) = 4*w + 4. Calculate v(p).
-12
Let v(o) = -3*o + 65. Suppose 58*d - 1045 - 463 = 0. Determine v(d).
-13
Let a(u) = 21*u + 33. Suppose 2*v = v - 2*j - 4, 5*v + 3*j - 1 = 0. Let t(r) = -3*r - 5. Let y(q) = v*a(q) + 15*t(q). Give y(-4).
3
Suppose -2421 - 1639 = -193*j - 97*j. Let o(s) = -s**2 + 11*s + 37. What is o(j)?
-5
Let z(l) = -46*l - 12. Let w(d) = -118*d - 31. Let r(y) = 5*w(y) - 13*z(y). Let v(q) = 2*q**2 + q + 1. Let i be v(-1). Let a be i/3*(-6)/4. What is r(a)?
-7
Let q(n) be the second derivative of 1/2*n**4 - 77*n - 3/2*n**2 + n**3 + 1/20*n**5 + 0. Give q(-5).
-8
Suppose 0 = 5*t + 4*x + 187, -4*x - 9 = -x. Let g be ((-14)/t)/((-1)/(-10)). Let r(f) = -8*f - g + 2 + f**2 - 3 + 6. Give r(7).
-6
Suppose -q + 9 = -2*f, -4*f = -2*f - 5*q + 29. Let i be (f - -26)*(-2)/36*-6. Let z(c) = c**3 - 7*c**2 - 8*c - 4. Calculate z(i).
-4
Let d be (6/(-9))/((-4)/96). Let r(g) = -d + 40 + 2*g - 16. Let y(n) = -n - 4. Let h be y(2). Determine r(h).
-4
Let d(s) = s**2 - 3*s + 5. Let g = 374 - 360. Suppose 12*u + g*u = 182. Determine d(u).
33
Suppose -f = 4*b - 17, 0 = 3*b - f + 5*f - 3. Let m(n) = -n**3 + 4*n**2 - n - 5. Calculate m(b).
-35
Suppose 13*q = 126*q - 131 + 18. Let d(o) = -9*o**3 - 2*o**2 - o + 1. Calculate d(q).
-11
Let i(a) = a**2 - 8*a + 4. Let p be i(3). Let o(k) = -64*k + k - 26 + 61*k + 0*k. Determine o(p).
-4
Let q(l) be the first derivative of -3*l**4 - l**3/3 + l - 1. Let r = 12207 + -12206. Calculate q(r).
-12
Let g be 4/6 - 1746/(-54). Let j = g + -27. Let l(s) = -s**2 + 6*s - 1. Determine l(j).
-1
Suppose 0 = 6*g - 0*g - 24. Let i(q) = 1. Let t = 29 - 27. Let u(a) = 2*a - 4. Let j(y) = t*i(y) - u(y). Determine j(g).
-2
Let x(g) = -2*g + 4. Suppose 0*p = -2*p + 48. Suppose 3*c = 2*t - 22, p = -4*c - c - 3*t. Let v be 9/c*42/9. Give x(v).
18
Let n(h) = -h**2 + 8*h - 12. Let d = 0 - -6. Let w be n(d). Let q(a) be the second derivative of a**4/12 + 51*a. Calculate q(w).
0
Let n(v) = v**3 + 8*v**2 - v - 6. Let l be n(-8). Let u(f) = f + 1 - f**3 - 5*f**2 + 3*f**l + 1. Let c = -43623 - -43621. Determine u(c).
0
Let h(a) = -7*a + 2. Let m(r) = -10*r**2 + 35 - 8*r**3 + 12*r**3 + 14*r - 5*r**3. Let u be m(-11). Calculate h(u).
-12
Suppose -9*o = -2287 + 406. Let z = -203 + o. Let u(p) = 3*p - 7. Determine u(z).
11
Let x = 4 + -2. Let i(h) = 2*h - 4. Let c(a) be the first derivative of 2*a + 9. Let z(u) = -5*c(u) - 2*i(u). Determine z(x).
-10
Let o(j) be the third deriva